 = 4*k + 41. What is the remainder when (-6)/k - (-354)/8 is divided by z?
13
Suppose -10*x + 6*x - t = -37, -11 = -2*x + t. Calculate the remainder when 638 is divided by x.
6
Suppose 3*n - 310 = 5*c, 683 = 5*n - 5*c + 183. Suppose -9*m = 8*m - 408. What is the remainder when n is divided by m?
23
Let o(k) = 5 - 3 + 15*k**3 - 4*k**2 + 5*k**2 - 14*k**3. Let a be o(-2). Let x = a - -12. Calculate the remainder when 49 is divided by x.
9
Let t(z) = 2*z**2 - 44*z - 257. Calculate the remainder when t(-5) is divided by 2.
1
Suppose 73 = 2*h - g - 244, 4*h = -5*g + 599. What is the remainder when h is divided by 44?
24
Suppose -450 = -4*x - 254. Calculate the remainder when x is divided by 30.
19
Let d = 34 + -29. Suppose d*b = 47 + 43. Calculate the remainder when 69 is divided by b.
15
Suppose 3*a - 3*k + 6 = 0, -k = 3*a + 2*k - 6. Suppose -h - 3*h + 72 = 3*j, h + j - 18 = a. Calculate the remainder when 52 is divided by h.
16
Suppose -47 = -4*j + 33. Let p = 3035 - 2998. What is the remainder when p is divided by j?
17
Let i = 402 + -261. What is the remainder when i is divided by 51?
39
Suppose -5*q = z - 80, -3*q - 6 = -0*q. What is the remainder when z is divided by 31?
28
Suppose 0 = -2*i + 4*a + 435 + 495, 2*i + 2*a - 930 = 0. Calculate the remainder when i is divided by 12.
9
Let q = 1 - -15. Suppose -4*v = g - 3*g - 96, 0 = 4*g - q. Calculate the remainder when 49 is divided by v.
23
Suppose -l - 5*s + 45 = 0, l + 0*l + 4*s = 43. Let d = 45 - l. Calculate the remainder when 16 is divided by d.
6
Let r = -58 + 248. Calculate the remainder when r is divided by 53.
31
Suppose 22*c - 1027 = -257. What is the remainder when c is divided by 5 + (10/2 - 2) + -5?
2
Calculate the remainder when 148 is divided by 10 + 39/6 + (-9)/6.
13
Suppose -4*n + 3*t = -749, -81 - 838 = -5*n - 2*t. Suppose 0*u + x + n = 5*u, 0 = -5*x - 25. What is the remainder when 210/4*(0 + 2) is divided by u?
33
Suppose 56*c - 55*c = 158. Calculate the remainder when c is divided by 7.
4
Let t = -291 - -432. Let m = 199 - t. Suppose -2*h - h = -60. What is the remainder when m is divided by h?
18
What is the remainder when 3*((-2629)/(-33) - 9) is divided by 93?
26
Suppose -2*o = -0*o + d - 6, 0 = -2*d - 4. Suppose -2*z - p = -55, 0 = 4*z + o*p - 3*p - 113. What is the remainder when z is divided by 0 + 17*1 + -1?
13
Suppose -3*a + 3*h + 6 = 0, a + 1 = 2*h + 2. Suppose 4*d - a*g + 7*g - 40 = 0, 3*g - 20 = -2*d. What is the remainder when 16 is divided by d?
6
Suppose 0 = 5*u + 117 - 1642. Suppose 3*y + 2*w = -0*w + 161, -5*y + 4*w + u = 0. Calculate the remainder when y is divided by 15.
12
Suppose 0 = -25*n + 17*n + 296. Suppose -2*d = -6*d + 588. Calculate the remainder when d is divided by n.
36
Suppose -z + 3*y + 144 = -665, -4*z = -3*y - 3200. Calculate the remainder when z is divided by 42.
41
Let g = -78 + 73. Let y(j) = 2*j**2 + j - 11. What is the remainder when 269 is divided by y(g)?
31
Let i = 10 + -16. Let m be i/(-24) + 206/8. Suppose -20*k + 22*k = m. What is the remainder when 36 is divided by k?
10
Let d(k) = 13*k**2 - 3*k - 2. Let i = -27 - 13. Let x = 59 + i. Calculate the remainder when d(-2) is divided by x.
18
Let j(n) = n - 7. Let g be j(10). Calculate the remainder when 13 is divided by (-16)/24 - (-26)/g.
5
Suppose -3*g - 19 - 55 = -2*o, o - 23 = g. Let m = -23 - g. Suppose -m*q + 95 = -n, 2*q = -q - 4*n + 57. Calculate the remainder when 55 is divided by q.
17
Suppose 6*y - 138 = 234. Calculate the remainder when 238 is divided by y.
52
Let o = 236 + -140. Let i = -21 + o. What is the remainder when i is divided by 7?
5
Suppose 92 = 2*v - 0*c + 4*c, c = -4*v + 184. Let f be (0 - -4 - -14) + 2. Let k = 4 + f. What is the remainder when v is divided by k?
22
Let i = -889 - -931. Calculate the remainder when 263 is divided by i.
11
Suppose -3*f = -4*d - 57, d - 10 = -5*f + 108. What is the remainder when 66 is divided by f?
20
Calculate the remainder when (-2)/(-2)*(0 - -15) is divided by (6 - -1) + ((-12)/(-2))/(-6).
3
Calculate the remainder when (-180)/(-8) + (-3)/6 + -3 is divided by 10.
9
Suppose 8*o = 1365 - 213. What is the remainder when o is divided by 24?
0
Let w(t) = -t**3 + 5*t**2 + 2*t - 7. Let m be w(5). Let c be m*(-1 - (-6)/9). Calculate the remainder when -1 + 7 - (-4 - c) is divided by 3.
0
Suppose b = -b - 36. Suppose 5453 = -8*l + 5613. What is the remainder when (-1533)/(-27) - 4/b is divided by l?
17
Suppose -2*r + 74 = 2*c, -2*r - c = -5*c - 86. Suppose -3*s + 71 = -5*k, 13*k - 14*k = -4*s + 21. Let m = k + r. What is the remainder when m is divided by 14?
12
What is the remainder when 74 is divided by ((-3)/30)/((-9)/2610)?
16
Let i be ((-2)/(4/(-2)))/(6/(-54)). Let q = i - -16. What is the remainder when q is divided by 3?
1
Suppose 11 = k - 7. Let c(z) = 52*z**2 + 2*z + 2. Calculate the remainder when c(-1) is divided by k.
16
Let l(i) = 9*i**2 - 3*i + 3. Let h = -449 + 469. Calculate the remainder when l(2) is divided by h.
13
Let h be ((-3)/3)/(1/6). Let w be (h/9)/(6/45). Calculate the remainder when 45 is divided by 26/2 + 4 + w.
9
Let r = 4 - -3. Suppose 0 = -x + 6*x - 20. What is the remainder when r is divided by x?
3
Suppose -7*r = -10*r - 90. Let g be 1/(2/(-13 - 3)). Let p = g - r. What is the remainder when p is divided by 8?
6
Suppose -44 = -4*y + 4*w, -17 = -4*w + 11. Let s(h) = h**2 - h + 71. What is the remainder when s(0) is divided by y?
17
What is the remainder when 73 is divided by 1*23 + (68 - 63)?
17
Suppose -26 = -3*y - 14. What is the remainder when y is divided by (-90)/(-75)*10/6?
0
Let q = 5 - -1. Let l(b) = -3 + b**3 + 2 + 8*b + 1 - 6*b**2 - 12. What is the remainder when l(q) is divided by 13?
10
Suppose -7*g = -148 - 202. What is the remainder when 97 is divided by g?
47
Let r(k) = 5*k. Let t(x) = 9*x + 122. Let d be t(-13). Calculate the remainder when (9 + -6 + 2)*58/d is divided by r(4).
18
Let z(h) = 3*h + 10. Let q be z(-2). Suppose q*a + 23 = 71. Let k = 48 + -15. Calculate the remainder when k is divided by a.
9
Suppose -5461 - 10283 = -32*a. Calculate the remainder when a is divided by 122.
4
Suppose -4*l - 3 = 1, l = 2*y + 275. Let b be ((-20)/6 - -3)*y. Suppose b + 69 = 5*f + 4*k, f - 23 = -2*k. What is the remainder when f is divided by 12?
11
Suppose 191*j - 204*j + 572 = 0. What is the remainder when j is divided by 14?
2
Suppose 0 = 4*t - t - 99. Let p = t + -27. What is the remainder when p is divided by 5?
1
Let t = -19 - -23. Suppose 5*n = t*p + p + 205, 0 = -5*n + 2*p + 196. Calculate the remainder when n is divided by ((-18)/6)/(1/(-5)).
8
Let x = -7 + 8. Let m be 110/(2*x/2). Suppose -4*y = -m + 30. Calculate the remainder when y is divided by 6.
2
Let g(w) = 117*w**2 + 6*w - 5. Suppose 12*c - 14*c = -62. What is the remainder when g(1) is divided by c?
25
Suppose 5*i - 59 = 4*i. Suppose 3*a = 2*d + 3 - 46, 0 = d - 2*a - 22. Calculate the remainder when i is divided by d.
19
Suppose 103*b - 109*b = -78. What is the remainder when 740 is divided by b?
12
Suppose 457 = 3*q - 4*o, 23*o = 5*q + 22*o - 773. What is the remainder when 194 is divided by q?
39
Let u be (-4200)/(-189) - (-4)/(-18). Suppose 2*z - 37 = 2*n - 3*n, -z = -3*n - u. What is the remainder when 74 is divided by z?
17
Suppose 4*c = 0, 2*j - 4*c = 3 + 11. Calculate the remainder when j is divided by 12/27*6 + (-12)/18.
1
Suppose -3*o + 270 = -3*t, -3*o - 3*t + 258 = -0*t. Let a = o + -54. Calculate the remainder when a is divided by 12.
10
Suppose -8*r + 65 = 5*r. Suppose 124 = r*v - i, v + i - 26 = -0*i. What is the remainder when 47 is divided by v?
22
Let g(l) = -l**3 - 4*l**2 + 39*l + 85. Calculate the remainder when g(-9) is divided by 136.
3
Let i be 2/5 - 323/(-5). Suppose -54 = -7*t + i. Let k(m) = -48*m. Calculate the remainder when k(-1) is divided by t.
14
Let m(k) = -k + 8. Let v be m(8). Suppose v = r - 1 - 3. Calculate the remainder when r is divided by -7*((-18)/(-21))/(-3).
0
Let s = 8 - 10. Calculate the remainder when 23 is divided by 4 + s/4*-2.
3
Let x be 144/(-10) - 8/(-20). Let v(h) = 6*h + 2. Let j be v(-1). Let b = j - x. What is the remainder when 19 is divided by b?
9
Let l(d) = -2*d**2 + 0 + 3 + 19*d**3 - 6 + 4. Let f be l(1). Suppose 3*g - 24 = f. Calculate the remainder when 55 is